git of a(k)?
1
Suppose -v = 2, -7*v + 15520 = 3*h - 0*h. What is the tens digit of h?
7
Let i(v) = -24*v + 6621. What is the thousands digit of i(27)?
5
What is the hundreds digit of (-473152)/20*(77/(-42) + (-4)/6)?
1
Let j = -61366 - -89622. What is the tens digit of j?
5
Suppose 12*j - 47 - 25 = 0. Let r(y) = 5*y + j*y**2 + 5*y**2 + 5*y**2. What is the tens digit of r(4)?
7
Let b(y) be the second derivative of 7*y**4/6 + 7*y**3/6 - 7*y**2/2 + 16*y. What is the units digit of b(2)?
3
What is the units digit of (-11)/22 - (19711/(-2) + 6)?
9
Let d(o) = 1515*o**2 + 4*o + 4. What is the hundreds digit of d(-2)?
0
Let s be 1/((-1)/(-3)*7/(-21)). Let x = 12 + s. Suppose 2*d - 4*a - 63 = -x*a, 3*a = 15. What is the units digit of d?
4
What is the ten thousands digit of 172/2150 + -1507*(-1167)/75?
2
Let r(m) be the second derivative of -m**5/20 + 7*m**4/12 + m**3/2 - 5*m**2 + 38*m + 2. Let b = 10 + -6. What is the tens digit of r(b)?
5
Let i be (-1)/(2/8) + 25. Let j = i + -5. Suppose -4*y + 396 = -j. What is the tens digit of y?
0
Let z be 0 - ((9/1)/3 + 0). Let h be (3 + (-87)/(-2))*8/z. What is the units digit of (-2)/(-8) - 7905/h?
4
Let t = -8410 + 5330. What is the tens digit of 6/4*t/(-12)?
8
Let r = -93 - -38. Suppose -135 = -68*f + 71*f. Let s = f - r. What is the units digit of s?
0
What is the tens digit of (12832800/1600)/(1/2)?
4
Let a(i) = -i**2 + 13. Let x be a(-5). Let p = 18 + x. What is the units digit of (488/p)/1 - 5/15?
1
Suppose 0 = x + 5 + 61. Let l = x - 57. Let k = l - -208. What is the units digit of k?
5
Let y(a) = 8*a + 11. Let w(l) = 8*l + 13. Let r(d) = 1. Let n(i) = r(i) - w(i). Let f(s) = -4*n(s) - 3*y(s). What is the tens digit of f(11)?
0
Let f(t) = 14*t**2 + 5*t - 17. Let m be f(4). Suppose 3*s = -m + 3305. What is the thousands digit of s?
1
Let z = 11498 + -10287. What is the units digit of z?
1
What is the tens digit of 4/(-42) - 645152/(-336)?
2
Suppose 0 = 12*p - 55 - 185. Suppose 10*g - p = -0*g. What is the tens digit of -10 + 222 + (-9)/6*g?
0
Let z(v) = -8*v**3 + 2*v**2 + 2*v + 47682. What is the thousands digit of z(0)?
7
Suppose -c - 4*k + 17 = 0, 5*k = 5*c + 2*k - 16. Suppose -7 - 395 = -c*h - 3*v, 3*v + 327 = 4*h. What is the units digit of h?
1
Let a = 185541 - 125785. What is the thousands digit of a?
9
Let i(f) = -4*f**2 + 16*f - 6. Let j be i(4). What is the hundreds digit of (-2704)/j + (-24)/36?
4
Suppose -2*g - 7199 = 5*d - 146814, -4*d + 111674 = -2*g. What is the ten thousands digit of d?
2
Suppose -150*m + 235*m - 327930 = 0. What is the units digit of m?
8
Let c(f) = 24*f**2 - 74*f - 149. What is the units digit of c(24)?
9
Let r = 184 + -181. Suppose r*l = 5*t - 5 + 43, -15 = -3*t. What is the tens digit of l?
2
Suppose 5*l + 2284 = 3*t, 3*t - 2234 = -l - 4*l. Suppose 3*v + 3*k - 975 = 0, -k = 2*v + 108 - t. What is the hundreds digit of v?
3
Let a(l) = -l**3 + l**2 + 44*l + 15. Let g be a(-6). Suppose -2*f + f + 507 = 4*o, -g*f + 5*o = -1555. What is the tens digit of f?
1
Let w be 2 + 1 - (-1 + (5 - 55)). Let x be 9/w - 250/(-12). What is the tens digit of x*1*(14 - 8)?
2
Suppose -192*g = -219*g + 192132. What is the thousands digit of g?
7
Suppose 1031*f - 1035*f = 2*h - 9664, -9668 = -4*f - 4*h. What is the hundreds digit of f?
4
Suppose -9*u + 7*u = 2*l - 6, 4*l - 12 = 0. Suppose u = 4*z - 3*g - 3542, 10*z + g - 4418 = 5*z. What is the units digit of z?
4
Let r(b) = 2*b**2 + 74*b + 1294. What is the thousands digit of r(-125)?
3
Suppose -4*k - 3*u + 1880 = 2*u, 5*u + 1840 = 4*k. Let j = k - 135. What is the hundreds digit of j?
3
Let x be ((18/(-2))/(-3))/(-1). Let p be x/(-7) - 3/42*-22. What is the tens digit of 101 + 3 - (0 - p)?
0
Suppose 0 = 4*h - 22*h. Suppose 5*c - 150 = 3*i - 1628, 2*i - 2*c - 984 = h. What is the tens digit of i?
9
Let k be -1 + 1 - (31*20 - -2). Let u = 290 + k. What is the tens digit of u/(-4) - (12/4 - 6)?
8
What is the hundreds digit of (-7471100)/(-338) - 3*4/(-78)?
1
Suppose 121*p + 448 = 122*p. Suppose 0 = -6*j + 3*j - 2*g + p, 2*g - 744 = -5*j. What is the hundreds digit of j?
1
Suppose 2*c - 4*u + 17 = u, -5*c + 5*u = 35. What is the tens digit of (-4)/c - 30970/(-57)?
4
Let k = -20261 + 39693. What is the thousands digit of k?
9
Let b(m) be the second derivative of m**5/20 + 5*m**4/4 - m**3/6 - 11*m**2/2 + 22*m. Let f be b(-15). Suppose -8*h = -f*h - 132. What is the tens digit of h?
3
Let c(r) = 258*r**2 - 138*r + 1300. What is the tens digit of c(10)?
2
Let f = -1112 + 4274. What is the hundreds digit of f?
1
Suppose -2*i = 4*k - 194, -k - 377 = -3*i - 72. Let o = 148 - i. Let s = o - 17. What is the units digit of s?
0
Let o(q) = 22*q**2 + 91*q + 624. What is the hundreds digit of o(-8)?
3
Suppose -5*q - 3*p + 250377 = 0, 2*q - 52*p + 53*p - 100149 = 0. What is the hundreds digit of q?
0
Suppose -144 = -3*k - 5*w - 4, 5*k - 285 = 2*w. Suppose -66*g = -65*g - k. What is the tens digit of g?
5
What is the thousands digit of (-3)/5 - (-15228)/60*584/12?
2
Let m(d) be the third derivative of 0 - 28*d**2 - 13/3*d**3 - 1/12*d**4 + 0*d. What is the units digit of m(-28)?
0
Let u = -11264 + 25508. What is the units digit of u?
4
Suppose 2*b - 4*d + 7 = -13, -4*d + 20 = 2*b. Suppose b = j - 2*j. Suppose 2*o - 6*o + 232 = j. What is the units digit of o?
8
Let p(u) = u**3 - 38*u**2 - 125*u + 17. What is the tens digit of p(44)?
3
Let b be 21/(-14)*50/(-3). Suppose 0 = -3*t - 2*t + b. Suppose 3*f + t*p = 7*f - 100, -4*f - 3*p = -132. What is the tens digit of f?
3
Let o(d) = -d**2 + 11*d + 9. Let h be o(10). Suppose 319 = -10*c + 919. Suppose -h*f + c = -16*f. What is the units digit of f?
0
Let z = 2 - -3. Suppose 2*h + 10 = 0, -d + 8 - 33 = z*h. Suppose d = r - 81 + 11. What is the tens digit of r?
7
Let w(k) = -k**3 - 9*k**2 - 8*k + 9. Let j be 128/(-12) - (1 - (-5)/(-3)). Let q be w(j). Let s = -78 + q. What is the tens digit of s?
1
Let h(z) be the second derivative of z**5/5 + z**4/12 - z**3/3 - z**2 - z - 11. What is the tens digit of h(5)?
1
Let a(s) be the first derivative of s**3/3 - 7*s**2 - 12*s - 23. Let w be a(-5). Suppose 163 = t + w. What is the units digit of t?
0
Let s(d) = -11*d + 26. Let m be s(2). What is the thousands digit of 5698/21*4 - m/(-6)?
1
Let g(r) = -3*r**3 - 12*r**2 - 16*r - 180. What is the units digit of g(-17)?
3
Let d(f) = -550*f**3 - 2*f**2 + f + 4. Let i(o) = 3*o - 7. Let p be i(2). What is the hundreds digit of d(p)?
5
Suppose -26296 = -34*x + 47790. Let v = 3148 - x. What is the tens digit of v?
6
Let x be (3/(-9))/((-2)/2094). Let o = x - 169. What is the hundreds digit of o?
1
Let q(h) = 78*h**2 + 91*h - 2128. What is the thousands digit of q(22)?
7
Let s = -12536 + 24196. What is the thousands digit of s?
1
Suppose -2*b = -11*o + 15*o + 1398, 2*b + o + 1386 = 0. Let s = b - -1310. What is the units digit of s?
9
Suppose 2*k = -2*b + 71 - 15, -4*k + 3*b + 77 = 0. Suppose 0 = k*i - 18*i - 3275. What is the tens digit of i?
5
Let x(o) = o**3 + 17*o**2 - 26*o - 41. Let y be 13/(-39) - (-16)/3. Suppose -y*z = -z + 16, -2*q - 24 = -3*z. What is the hundreds digit of x(q)?
1
Let g be (-1062)/4 - (-13)/26. Let r = 833 + g. Suppose r = 32*n - 30*n. What is the tens digit of n?
8
Let f = -5441 + 9937. What is the thousands digit of f?
4
Suppose 0 = 2*z + 8*u - 7*u - 6866, 2*z - 6874 = -3*u. Let t = z + -2108. What is the units digit of t?
3
Let b(q) be the second derivative of -q**6/180 - 13*q**5/60 + q**4/12 - 12*q. Let r(f) be the third derivative of b(f). What is the tens digit of r(-14)?
3
Let x = 5149 - 4051. What is the hundreds digit of x?
0
Suppose 0 = 25*l - 24*l + 104. Let q = -103 - l. What is the hundreds digit of (4 + (-172)/q)/((-1)/1)?
1
Let s(l) = 6*l + 69. Let t = -59 + 59. Let x be s(t). Suppose p - x = -2*b, -p + 24 = b - 4*p. What is the tens digit of b?
3
Suppose 35 = 223*l - 222*l. Suppose l*v - 30*v - 4615 = 0. What is the hundreds digit of v?
9
Let f(p) = -5620*p - 11300. What is the units digit of f(-11)?
0
Let h be (144/60)/((-6)/(-2780)). Suppose -h = -3*z + 208. What is the tens digit of z?
4
Suppose -10*n = -83 + 133. What is the tens digit of n - (-534)/(-12)*-14?
1
Let i = 13521 - 7270. What is the units digit of i?
1
Suppose -49852 = -2*p + 2*y, 49864 = 2*p - 0*y + 2*y. What is the unit